
{"id":1045,"date":"2020-09-03T10:30:49","date_gmt":"2020-09-03T08:30:49","guid":{"rendered":"http:\/\/grundschule-gisingen.de\/?page_id=1045"},"modified":"2024-09-29T20:45:47","modified_gmt":"2024-09-29T18:45:47","slug":"aktuelle-downloads","status":"publish","type":"page","link":"http:\/\/grundschule-gisingen.de\/?page_id=1045","title":{"rendered":"Aktuelle Downloads"},"content":{"rendered":"\r\n<p>Unter den jeweiligen Links k\u00f6nnen Sie aktuelle Informationen herunterladen.<\/p>\r\n<p>&nbsp;<\/p>\r\n<p>Einladung zum Infoabend der Schulneulinge<\/p>\r\n\r\n\r\n\r\n<p><a href=\"http:\/\/grundschule-gisingen.de\/wp-content\/uploads\/2024\/09\/Infoabend-Anmeldung-SJ-25-26.docx\">Infoabend Anmeldung SJ 25-26<\/a><\/p>\r\n\r\n\r\n\r\n<p>Schulkalender 2023\/24<\/p>\r\n<p><a href=\"http:\/\/grundschule-gisingen.de\/wp-content\/uploads\/2024\/01\/kalender-23-24.pdf\">kalender 23 24<\/a><\/p>\r\n<p>Buspl\u00e4ne:<\/p>\r\n\r\n\r\n\r\n<p><a href=\"http:\/\/grundschule-gisingen.de\/wp-content\/uploads\/2020\/09\/doc00061120200903102146.pdf\">Busplan Ittersdorf, D\u00fcren, Bedersdorf, Kerlingen<\/a><\/p>\r\n\r\n\r\n\r\n<p><a href=\"http:\/\/grundschule-gisingen.de\/wp-content\/uploads\/2020\/09\/doc00061420200903102307.pdf\">Busplan D\u00fcren, Bedersdorf, Kerlingen<\/a><\/p>\r\n\r\n\r\n\r\n<p><a href=\"http:\/\/grundschule-gisingen.de\/wp-content\/uploads\/2020\/09\/doc00061220200903102221.pdf\">Busplan Rammelfangen, Ihn, Leidingen, Schrecklingen<\/a><\/p>\r\n\r\n\r\n\r\n<p><a href=\"http:\/\/grundschule-gisingen.de\/wp-content\/uploads\/2020\/09\/doc00061320200903102238.pdf\">Busplan Oberlimberg, St. Barbara<\/a><\/p>\r\n","protected":false},"excerpt":{"rendered":"<p>Unter den jeweiligen Links k\u00f6nnen Sie aktuelle Informationen herunterladen. &nbsp; Einladung zum Infoabend der Schulneulinge Infoabend Anmeldung SJ 25-26 Schulkalender 2023\/24 kalender 23 24 Buspl\u00e4ne: Busplan Ittersdorf, D\u00fcren, Bedersdorf, Kerlingen Busplan D\u00fcren, Bedersdorf, Kerlingen Busplan Rammelfangen, Ihn, Leidingen, Schrecklingen Busplan&#8230; <a class=\"more-link\" href=\"http:\/\/grundschule-gisingen.de\/?page_id=1045\">Weiterlesen &rarr;<\/a><\/p>\n","protected":false},"author":1,"featured_media":0,"parent":32,"menu_order":0,"comment_status":"closed","ping_status":"closed","template":"","meta":[],"_links":{"self":[{"href":"http:\/\/grundschule-gisingen.de\/index.php?rest_route=\/wp\/v2\/pages\/1045"}],"collection":[{"href":"http:\/\/grundschule-gisingen.de\/index.php?rest_route=\/wp\/v2\/pages"}],"about":[{"href":"http:\/\/grundschule-gisingen.de\/index.php?rest_route=\/wp\/v2\/types\/page"}],"author":[{"embeddable":true,"href":"http:\/\/grundschule-gisingen.de\/index.php?rest_route=\/wp\/v2\/users\/1"}],"replies":[{"embeddable":true,"href":"http:\/\/grundschule-gisingen.de\/index.php?rest_route=%2Fwp%2Fv2%2Fcomments&post=1045"}],"version-history":[{"count":9,"href":"http:\/\/grundschule-gisingen.de\/index.php?rest_route=\/wp\/v2\/pages\/1045\/revisions"}],"predecessor-version":[{"id":1863,"href":"http:\/\/grundschule-gisingen.de\/index.php?rest_route=\/wp\/v2\/pages\/1045\/revisions\/1863"}],"up":[{"embeddable":true,"href":"http:\/\/grundschule-gisingen.de\/index.php?rest_route=\/wp\/v2\/pages\/32"}],"wp:attachment":[{"href":"http:\/\/grundschule-gisingen.de\/index.php?rest_route=%2Fwp%2Fv2%2Fmedia&parent=1045"}],"curies":[{"name":"wp","href":"https:\/\/api.w.org\/{rel}","templated":true}]}}