
{"id":110,"date":"2017-02-11T16:36:41","date_gmt":"2017-02-11T15:36:41","guid":{"rendered":"http:\/\/grundschule-gisingen.de\/?page_id=110"},"modified":"2018-12-05T16:58:22","modified_gmt":"2018-12-05T15:58:22","slug":"waldwoche","status":"publish","type":"page","link":"http:\/\/grundschule-gisingen.de\/?page_id=110","title":{"rendered":"Waldwoche"},"content":{"rendered":"<p>Drei- bis viermal im Jahr finden an der Grundschule Gisingen Waldwochen statt. Zusammen mit unserer Waldp\u00e4dagogin, von allen nur Waldsteffi genannt, machen sich dann die Kinder zusammen mit den Lehrer auf den Weg in die umliegenden W\u00e4lder. Dort lernen die Sch\u00fcler viel \u00fcber die Natur in unserer Umgebung. Themen wie die Tiere des Waldes und die heimische Pflanzenwelt stehen im Mittelpunkt. Aber auch an Aktivit\u00e4ten, wie das Bauen von Waldsofas und das Legen von Bildern aus Naturmaterialien, fehlt es nicht. Die Projekte und Aktionen, von Waldsteffi bestens vorbereitet, sind immer wieder spannend und abwechslungsreich. Auch bei schlechtem Wetter fallen die Waldwochen nie aus. Sie werden spontan in die Sporthalle verlegt und auch hier besch\u00e4ftigen sich die Kinder durch Spiele, Bild-, Wortkarten und weiterem Anschauungsmaterial mit der Natur und Pflanzenwelt.<\/p>\n<p><img decoding=\"async\" loading=\"lazy\" class=\"alignnone size-medium wp-image-342\" src=\"http:\/\/grundschule-gisingen.de\/wp-content\/uploads\/2017\/02\/20170307_101124-300x180.jpg\" alt=\"\" width=\"300\" height=\"180\" srcset=\"http:\/\/grundschule-gisingen.de\/wp-content\/uploads\/2017\/02\/20170307_101124-300x180.jpg 300w, http:\/\/grundschule-gisingen.de\/wp-content\/uploads\/2017\/02\/20170307_101124-768x461.jpg 768w, http:\/\/grundschule-gisingen.de\/wp-content\/uploads\/2017\/02\/20170307_101124-1024x614.jpg 1024w, http:\/\/grundschule-gisingen.de\/wp-content\/uploads\/2017\/02\/20170307_101124-945x567.jpg 945w, http:\/\/grundschule-gisingen.de\/wp-content\/uploads\/2017\/02\/20170307_101124-600x360.jpg 600w\" sizes=\"(max-width: 300px) 100vw, 300px\" \/><\/p>\n","protected":false},"excerpt":{"rendered":"<p>Drei- bis viermal im Jahr finden an der Grundschule Gisingen Waldwochen statt. Zusammen mit unserer Waldp\u00e4dagogin, von allen nur Waldsteffi genannt, machen sich dann die Kinder zusammen mit den Lehrer auf den Weg in die umliegenden W\u00e4lder. Dort lernen die&#8230; <a class=\"more-link\" href=\"http:\/\/grundschule-gisingen.de\/?page_id=110\">Weiterlesen &rarr;<\/a><\/p>\n","protected":false},"author":1,"featured_media":0,"parent":12,"menu_order":0,"comment_status":"closed","ping_status":"closed","template":"","meta":[],"_links":{"self":[{"href":"http:\/\/grundschule-gisingen.de\/index.php?rest_route=\/wp\/v2\/pages\/110"}],"collection":[{"href":"http:\/\/grundschule-gisingen.de\/index.php?rest_route=\/wp\/v2\/pages"}],"about":[{"href":"http:\/\/grundschule-gisingen.de\/index.php?rest_route=\/wp\/v2\/types\/page"}],"author":[{"embeddable":true,"href":"http:\/\/grundschule-gisingen.de\/index.php?rest_route=\/wp\/v2\/users\/1"}],"replies":[{"embeddable":true,"href":"http:\/\/grundschule-gisingen.de\/index.php?rest_route=%2Fwp%2Fv2%2Fcomments&post=110"}],"version-history":[{"count":7,"href":"http:\/\/grundschule-gisingen.de\/index.php?rest_route=\/wp\/v2\/pages\/110\/revisions"}],"predecessor-version":[{"id":792,"href":"http:\/\/grundschule-gisingen.de\/index.php?rest_route=\/wp\/v2\/pages\/110\/revisions\/792"}],"up":[{"embeddable":true,"href":"http:\/\/grundschule-gisingen.de\/index.php?rest_route=\/wp\/v2\/pages\/12"}],"wp:attachment":[{"href":"http:\/\/grundschule-gisingen.de\/index.php?rest_route=%2Fwp%2Fv2%2Fmedia&parent=110"}],"curies":[{"name":"wp","href":"https:\/\/api.w.org\/{rel}","templated":true}]}}