
{"id":1515,"date":"2023-10-10T16:55:48","date_gmt":"2023-10-10T14:55:48","guid":{"rendered":"http:\/\/grundschule-gisingen.de\/?page_id=1515"},"modified":"2026-01-14T11:43:54","modified_gmt":"2026-01-14T10:43:54","slug":"franzoesisch-ag","status":"publish","type":"page","link":"http:\/\/grundschule-gisingen.de\/?page_id=1515","title":{"rendered":"Franz\u00f6sisch-AG"},"content":{"rendered":"\r\n<p>Spielerische und bewegungsorientierte \u00dcbungsformen ankn\u00fcpfend an die Vorkenntnisse aus dem Kindergarten stehen in dieser AG im Vordergrund. Mit viel Freude teilen die Kinder sich auf Franz\u00f6sisch mit. Dar\u00fcber hinaus h\u00f6ren sie beim Vorlesen franz\u00f6sischer Bilderb\u00fccher aufmerksam zu. Auch das Singen bekannter Lieder unseres Nachbarlandes steht auf dem Programm. Traditionen und die Kultur Frankreichs werden den Kindern jahresbegleitend nahe gebracht. Dabei wird selbstverst\u00e4ndlich die eine oder andere typisch franz\u00f6sische kulinarische Spezialit\u00e4t zubereitet und mit Genuss verspeist.Die Dieses AG-Angebot steht in diesem Schuljahr der Klassenstufe 1 und 2 zur Verf\u00fcgung.<br \/>Die Franz\u00f6sisch-AG findet immer dienstags in der 6.Stunde statt. Leiterin der AG ist Frau Gauthier.<\/p>\r\n\r\n\r\n","protected":false},"excerpt":{"rendered":"<p>Spielerische und bewegungsorientierte \u00dcbungsformen ankn\u00fcpfend an die Vorkenntnisse aus dem Kindergarten stehen in dieser AG im Vordergrund. Mit viel Freude teilen die Kinder sich auf Franz\u00f6sisch mit. Dar\u00fcber hinaus h\u00f6ren sie beim Vorlesen franz\u00f6sischer Bilderb\u00fccher aufmerksam zu. Auch das Singen&#8230; <a class=\"more-link\" href=\"http:\/\/grundschule-gisingen.de\/?page_id=1515\">Weiterlesen &rarr;<\/a><\/p>\n","protected":false},"author":1,"featured_media":0,"parent":40,"menu_order":0,"comment_status":"closed","ping_status":"closed","template":"","meta":[],"_links":{"self":[{"href":"http:\/\/grundschule-gisingen.de\/index.php?rest_route=\/wp\/v2\/pages\/1515"}],"collection":[{"href":"http:\/\/grundschule-gisingen.de\/index.php?rest_route=\/wp\/v2\/pages"}],"about":[{"href":"http:\/\/grundschule-gisingen.de\/index.php?rest_route=\/wp\/v2\/types\/page"}],"author":[{"embeddable":true,"href":"http:\/\/grundschule-gisingen.de\/index.php?rest_route=\/wp\/v2\/users\/1"}],"replies":[{"embeddable":true,"href":"http:\/\/grundschule-gisingen.de\/index.php?rest_route=%2Fwp%2Fv2%2Fcomments&post=1515"}],"version-history":[{"count":5,"href":"http:\/\/grundschule-gisingen.de\/index.php?rest_route=\/wp\/v2\/pages\/1515\/revisions"}],"predecessor-version":[{"id":2085,"href":"http:\/\/grundschule-gisingen.de\/index.php?rest_route=\/wp\/v2\/pages\/1515\/revisions\/2085"}],"up":[{"embeddable":true,"href":"http:\/\/grundschule-gisingen.de\/index.php?rest_route=\/wp\/v2\/pages\/40"}],"wp:attachment":[{"href":"http:\/\/grundschule-gisingen.de\/index.php?rest_route=%2Fwp%2Fv2%2Fmedia&parent=1515"}],"curies":[{"name":"wp","href":"https:\/\/api.w.org\/{rel}","templated":true}]}}