
{"id":1787,"date":"2024-07-02T11:17:45","date_gmt":"2024-07-02T09:17:45","guid":{"rendered":"http:\/\/grundschule-gisingen.de\/?page_id=1787"},"modified":"2024-07-07T23:37:18","modified_gmt":"2024-07-07T21:37:18","slug":"der-zirkus-blubber-zu-gast-an-der-grundschule-gisingen","status":"publish","type":"page","link":"http:\/\/grundschule-gisingen.de\/?page_id=1787","title":{"rendered":"Der Zirkus Blubber zu Gast an der Grundschule Gisingen"},"content":{"rendered":"<p style=\"text-align: center;\"><strong>Der Zirkus Blubber zu Gast an der Grundschule Gisingen<\/strong><\/p>\n<p>Mit gro\u00dfer Aufregung und Vorfreude begr\u00fc\u00dfte die Grundschule Gisingen den Zirkus Blubber zu einer ganz besonderen Woche. Bei br\u00fctender Hitze versammelten sich am 29.06.24 viele eifrige Helfer, um das riesige Zirkuszelt auf dem Kirmes<img decoding=\"async\" loading=\"lazy\" class=\" wp-image-1762 alignright\" src=\"http:\/\/grundschule-gisingen.de\/wp-content\/uploads\/2024\/07\/1719910705067-300x225.jpg\" alt=\"\" width=\"366\" height=\"274\" srcset=\"http:\/\/grundschule-gisingen.de\/wp-content\/uploads\/2024\/07\/1719910705067-300x225.jpg 300w, http:\/\/grundschule-gisingen.de\/wp-content\/uploads\/2024\/07\/1719910705067-1024x768.jpg 1024w, http:\/\/grundschule-gisingen.de\/wp-content\/uploads\/2024\/07\/1719910705067-768x576.jpg 768w, http:\/\/grundschule-gisingen.de\/wp-content\/uploads\/2024\/07\/1719910705067-1536x1152.jpg 1536w, http:\/\/grundschule-gisingen.de\/wp-content\/uploads\/2024\/07\/1719910705067-600x450.jpg 600w, http:\/\/grundschule-gisingen.de\/wp-content\/uploads\/2024\/07\/1719910705067-945x709.jpg 945w, http:\/\/grundschule-gisingen.de\/wp-content\/uploads\/2024\/07\/1719910705067.jpg 2048w\" sizes=\"(max-width: 366px) 100vw, 366px\" \/>platz in Gisingen aufzubauen. Trotz der hohen Temperaturen arbeiteten Zirkusmitarbeiter, Eltern und Lehrer*innen gemeinsam daran, alles rechtzeitig f\u00fcr die bevorstehenden Veranstaltungen vorzubereiten.<\/p>\n<p>Der Startschuss f\u00fcr die Zirkuswoche fiel am Montagmorgen mit einer beeindruckenden Vorf\u00fchrung, die die Kinder in die faszinierende Welt des Zirkus einf\u00fchrte. Mit staunenden Augen verfolgten sie die Darbietungen und lie\u00dfen sich von den artist<img decoding=\"async\" loading=\"lazy\" class=\" wp-image-1780 alignleft\" src=\"http:\/\/grundschule-gisingen.de\/wp-content\/uploads\/2024\/07\/1719911227712-300x225.jpg\" alt=\"\" width=\"385\" height=\"289\" srcset=\"http:\/\/grundschule-gisingen.de\/wp-content\/uploads\/2024\/07\/1719911227712-300x225.jpg 300w, http:\/\/grundschule-gisingen.de\/wp-content\/uploads\/2024\/07\/1719911227712-1024x768.jpg 1024w, http:\/\/grundschule-gisingen.de\/wp-content\/uploads\/2024\/07\/1719911227712-768x576.jpg 768w, http:\/\/grundschule-gisingen.de\/wp-content\/uploads\/2024\/07\/1719911227712-1536x1152.jpg 1536w, http:\/\/grundschule-gisingen.de\/wp-content\/uploads\/2024\/07\/1719911227712-600x450.jpg 600w, http:\/\/grundschule-gisingen.de\/wp-content\/uploads\/2024\/07\/1719911227712-945x709.jpg 945w, http:\/\/grundschule-gisingen.de\/wp-content\/uploads\/2024\/07\/1719911227712.jpg 1600w\" sizes=\"(max-width: 385px) 100vw, 385px\" \/>ischen Kunstst\u00fccken, Clowns und magischen Momenten verzaubern. Die Begeisterung war sp\u00fcrbar und die Vorfreude auf die kommenden Tage stieg ins Unermessliche.<\/p>\n<p>&nbsp;<\/p>\n<p>&nbsp;<\/p>\n<p><img decoding=\"async\" loading=\"lazy\" class=\"size-medium wp-image-1779 alignleft\" src=\"http:\/\/grundschule-gisingen.de\/wp-content\/uploads\/2024\/07\/1719911227680-300x225.jpg\" alt=\"\" width=\"300\" height=\"225\" srcset=\"http:\/\/grundschule-gisingen.de\/wp-content\/uploads\/2024\/07\/1719911227680-300x225.jpg 300w, http:\/\/grundschule-gisingen.de\/wp-content\/uploads\/2024\/07\/1719911227680-1024x768.jpg 1024w, http:\/\/grundschule-gisingen.de\/wp-content\/uploads\/2024\/07\/1719911227680-768x576.jpg 768w, http:\/\/grundschule-gisingen.de\/wp-content\/uploads\/2024\/07\/1719911227680-1536x1152.jpg 1536w, http:\/\/grundschule-gisingen.de\/wp-content\/uploads\/2024\/07\/1719911227680-600x450.jpg 600w, http:\/\/grundschule-gisingen.de\/wp-content\/uploads\/2024\/07\/1719911227680-945x709.jpg 945w, http:\/\/grundschule-gisingen.de\/wp-content\/uploads\/2024\/07\/1719911227680.jpg 1600w\" sizes=\"(max-width: 300px) 100vw, 300px\" \/><img decoding=\"async\" loading=\"lazy\" class=\"size-medium wp-image-1763 aligncenter\" src=\"http:\/\/grundschule-gisingen.de\/wp-content\/uploads\/2024\/07\/1719910705092-300x225.jpg\" alt=\"\" width=\"300\" height=\"225\" srcset=\"http:\/\/grundschule-gisingen.de\/wp-content\/uploads\/2024\/07\/1719910705092-300x225.jpg 300w, http:\/\/grundschule-gisingen.de\/wp-content\/uploads\/2024\/07\/1719910705092-1024x768.jpg 1024w, http:\/\/grundschule-gisingen.de\/wp-content\/uploads\/2024\/07\/1719910705092-768x576.jpg 768w, http:\/\/grundschule-gisingen.de\/wp-content\/uploads\/2024\/07\/1719910705092-1536x1152.jpg 1536w, http:\/\/grundschule-gisingen.de\/wp-content\/uploads\/2024\/07\/1719910705092-600x450.jpg 600w, http:\/\/grundschule-gisingen.de\/wp-content\/uploads\/2024\/07\/1719910705092-945x709.jpg 945w, http:\/\/grundschule-gisingen.de\/wp-content\/uploads\/2024\/07\/1719910705092.jpg 2048w\" sizes=\"(max-width: 300px) 100vw, 300px\" \/><\/p>\n<p>&nbsp;<\/p>\n<p><img decoding=\"async\" loading=\"lazy\" class=\"size-medium wp-image-1794 alignleft\" src=\"http:\/\/grundschule-gisingen.de\/wp-content\/uploads\/2024\/07\/1719924701747-300x225.jpg\" alt=\"\" width=\"300\" height=\"225\" srcset=\"http:\/\/grundschule-gisingen.de\/wp-content\/uploads\/2024\/07\/1719924701747-300x225.jpg 300w, http:\/\/grundschule-gisingen.de\/wp-content\/uploads\/2024\/07\/1719924701747-1024x768.jpg 1024w, http:\/\/grundschule-gisingen.de\/wp-content\/uploads\/2024\/07\/1719924701747-768x576.jpg 768w, http:\/\/grundschule-gisingen.de\/wp-content\/uploads\/2024\/07\/1719924701747-1536x1152.jpg 1536w, http:\/\/grundschule-gisingen.de\/wp-content\/uploads\/2024\/07\/1719924701747-2048x1536.jpg 2048w, http:\/\/grundschule-gisingen.de\/wp-content\/uploads\/2024\/07\/1719924701747-600x450.jpg 600w, http:\/\/grundschule-gisingen.de\/wp-content\/uploads\/2024\/07\/1719924701747-945x709.jpg 945w\" sizes=\"(max-width: 300px) 100vw, 300px\" \/>Nach der beeindruckenden Auftaktvorstellung des Zirkus Blubber war die Begeisterung der Kinder der Grundschule Gisingen auch am zweiten Tag ungebrochen. Die Vorfreude und Aufregung waren \u00fcberall zu sp\u00fcren, denn nun durften die Sch\u00fclerinnen und Sch\u00fcler selbst in die Rolle von Artisten und Jongleuren schl\u00fcpfen. Bereits am fr\u00fchen Morgen wurden die Kinder in Kleingruppen eingeteilt, um verschiedene Zirkusk\u00fcnste zu erproben und auszuprobieren.<img decoding=\"async\" loading=\"lazy\" class=\"size-medium wp-image-1796 alignright\" src=\"http:\/\/grundschule-gisingen.de\/wp-content\/uploads\/2024\/07\/1719924701795-225x300.jpg\" alt=\"\" width=\"225\" height=\"300\" srcset=\"http:\/\/grundschule-gisingen.de\/wp-content\/uploads\/2024\/07\/1719924701795-225x300.jpg 225w, http:\/\/grundschule-gisingen.de\/wp-content\/uploads\/2024\/07\/1719924701795-768x1024.jpg 768w, http:\/\/grundschule-gisingen.de\/wp-content\/uploads\/2024\/07\/1719924701795-1152x1536.jpg 1152w, http:\/\/grundschule-gisingen.de\/wp-content\/uploads\/2024\/07\/1719924701795-1536x2048.jpg 1536w, http:\/\/grundschule-gisingen.de\/wp-content\/uploads\/2024\/07\/1719924701795-600x800.jpg 600w, http:\/\/grundschule-gisingen.de\/wp-content\/uploads\/2024\/07\/1719924701795-945x1260.jpg 945w, http:\/\/grundschule-gisingen.de\/wp-content\/uploads\/2024\/07\/1719924701795-scaled.jpg 1920w\" sizes=\"(max-width: 225px) 100vw, 225px\" \/><br \/>\nUnter der fachkundigen Anleitung der Zirkusprofis lernten sie die Grundlagen von Akrobatik, Jonglage, Clownerie und weiteren spannenden Zirkusdisziplinen. Die Kinder \u00fcbten mit gro\u00dfer Begeisterung und Hingabe, als w\u00e4ren sie bereits echte Zirkusartisten. Der Spa\u00df stand dabei immer im Vordergrund, und die Kinder waren sichtlich stolz auf ihre ersten Erfolge.<\/p>\n<p><img decoding=\"async\" loading=\"lazy\" class=\"size-medium wp-image-1798 aligncenter\" src=\"http:\/\/grundschule-gisingen.de\/wp-content\/uploads\/2024\/07\/1719924701832-225x300.jpg\" alt=\"\" width=\"225\" height=\"300\" srcset=\"http:\/\/grundschule-gisingen.de\/wp-content\/uploads\/2024\/07\/1719924701832-225x300.jpg 225w, http:\/\/grundschule-gisingen.de\/wp-content\/uploads\/2024\/07\/1719924701832-768x1024.jpg 768w, http:\/\/grundschule-gisingen.de\/wp-content\/uploads\/2024\/07\/1719924701832-1152x1536.jpg 1152w, http:\/\/grundschule-gisingen.de\/wp-content\/uploads\/2024\/07\/1719924701832-1536x2048.jpg 1536w, http:\/\/grundschule-gisingen.de\/wp-content\/uploads\/2024\/07\/1719924701832-600x800.jpg 600w, http:\/\/grundschule-gisingen.de\/wp-content\/uploads\/2024\/07\/1719924701832-945x1260.jpg 945w, http:\/\/grundschule-gisingen.de\/wp-content\/uploads\/2024\/07\/1719924701832-scaled.jpg 1920w\" sizes=\"(max-width: 225px) 100vw, 225px\" \/><\/p>\n<p>&nbsp;<\/p>\n<p>Am Donnerstag und Freitag war es nun endlich soweit: Die Kinder der Grundschule Gisingen pr\u00e4sentierten eine atemberaubende Galavorf\u00fchrung, die Eltern, Gro\u00dfeltern und Geschwister gleicherma\u00dfen begeisterte. Die jungen K\u00fcnstlerinnen und K\u00fcnstler der Schule, die seit einer Woche intensiv mit den Zirkusprofis ge\u00fcbt hatten, wuchsen bei der Auff\u00fchrung \u00fcber sich hinaus und sorgten f\u00fcr unvergessliche Momente. Schon vor Beginn der Show war die Aufregung der Kinder deutlich sp\u00fcrbar. Doch trotz der Nervosit\u00e4t liefen beide Vorstellung<img decoding=\"async\" loading=\"lazy\" class=\"size-medium wp-image-1801 alignleft\" src=\"http:\/\/grundschule-gisingen.de\/wp-content\/uploads\/2024\/07\/1720387992026-300x225.jpg\" alt=\"\" width=\"300\" height=\"225\" srcset=\"http:\/\/grundschule-gisingen.de\/wp-content\/uploads\/2024\/07\/1720387992026-300x225.jpg 300w, http:\/\/grundschule-gisingen.de\/wp-content\/uploads\/2024\/07\/1720387992026-1024x768.jpg 1024w, http:\/\/grundschule-gisingen.de\/wp-content\/uploads\/2024\/07\/1720387992026-768x576.jpg 768w, http:\/\/grundschule-gisingen.de\/wp-content\/uploads\/2024\/07\/1720387992026-1536x1152.jpg 1536w, http:\/\/grundschule-gisingen.de\/wp-content\/uploads\/2024\/07\/1720387992026-600x450.jpg 600w, http:\/\/grundschule-gisingen.de\/wp-content\/uploads\/2024\/07\/1720387992026-945x709.jpg 945w, http:\/\/grundschule-gisingen.de\/wp-content\/uploads\/2024\/07\/1720387992026.jpg 2048w\" sizes=\"(max-width: 300px) 100vw, 300px\" \/>en grandios ab. Von beeindruckenden Akrobatiknummern \u00fcber fantasievolle Clowns bis hin zu faszinierenden Jonglagen \u2013 die jungen Talente bewiesen in jeder Disziplin ihr K\u00f6nnen und wurden daf\u00fcr mit tosendem Applaus belohnt. Die Zuschauerinnen und Zuschauer waren \u00fcberw\u00e4ltigt von der Professionalit\u00e4t und dem Engagement der kleinen Artisten.<\/p>\n<p><img decoding=\"async\" loading=\"lazy\" class=\"size-medium wp-image-1802 alignright\" src=\"http:\/\/grundschule-gisingen.de\/wp-content\/uploads\/2024\/07\/1720387992052-300x225.jpg\" alt=\"\" width=\"300\" height=\"225\" srcset=\"http:\/\/grundschule-gisingen.de\/wp-content\/uploads\/2024\/07\/1720387992052-300x225.jpg 300w, http:\/\/grundschule-gisingen.de\/wp-content\/uploads\/2024\/07\/1720387992052-1024x768.jpg 1024w, http:\/\/grundschule-gisingen.de\/wp-content\/uploads\/2024\/07\/1720387992052-768x576.jpg 768w, http:\/\/grundschule-gisingen.de\/wp-content\/uploads\/2024\/07\/1720387992052-1536x1152.jpg 1536w, http:\/\/grundschule-gisingen.de\/wp-content\/uploads\/2024\/07\/1720387992052-600x450.jpg 600w, http:\/\/grundschule-gisingen.de\/wp-content\/uploads\/2024\/07\/1720387992052-945x709.jpg 945w, http:\/\/grundschule-gisingen.de\/wp-content\/uploads\/2024\/07\/1720387992052.jpg 2048w\" sizes=\"(max-width: 300px) 100vw, 300px\" \/> <img decoding=\"async\" loading=\"lazy\" class=\"size-medium wp-image-1803 alignleft\" src=\"http:\/\/grundschule-gisingen.de\/wp-content\/uploads\/2024\/07\/1720387992067-300x225.jpg\" alt=\"\" width=\"300\" height=\"225\" srcset=\"http:\/\/grundschule-gisingen.de\/wp-content\/uploads\/2024\/07\/1720387992067-300x225.jpg 300w, http:\/\/grundschule-gisingen.de\/wp-content\/uploads\/2024\/07\/1720387992067-1024x768.jpg 1024w, http:\/\/grundschule-gisingen.de\/wp-content\/uploads\/2024\/07\/1720387992067-768x576.jpg 768w, http:\/\/grundschule-gisingen.de\/wp-content\/uploads\/2024\/07\/1720387992067-1536x1152.jpg 1536w, http:\/\/grundschule-gisingen.de\/wp-content\/uploads\/2024\/07\/1720387992067-600x450.jpg 600w, http:\/\/grundschule-gisingen.de\/wp-content\/uploads\/2024\/07\/1720387992067-945x709.jpg 945w, http:\/\/grundschule-gisingen.de\/wp-content\/uploads\/2024\/07\/1720387992067.jpg 2048w\" sizes=\"(max-width: 300px) 100vw, 300px\" \/><br \/>\nIn den Pausen wurde f\u00fcr das leibliche Wohl bestens gesorgt. Die Eltern der Sch\u00fclerinnen und Sch\u00fcler hatten sich ins Zeug gelegt und eine vielf\u00e4ltige Auswahl an selbstgebackenen Kuchen und Brezeln bereitgestellt. Daneben gab es knusprige Nachos, frisches Popcorn und liebevoll verpackte S\u00fc\u00dfigkeitent\u00fcten, die besonders bei den kleinen G\u00e4sten gro\u00dfen Anklang fanden. Zum Abschluss der gelungenen Vorstellung richtete Frau Brausch viele Worte des Dankes an die Kinder und die engagierte Zirkuscrew. \u201eDiese Woche war f\u00fcr unsere Kinder eine unvergessliche Erfahrung, die sie mit Freude und Stolz erf\u00fcllt hat\u201c, sagte sie und \u00fcberreichte im Namen der ganzen Schule ein liebevoll gestaltetes Geschenk als Ausdruck der Wertsch\u00e4tzung.<br \/>\nDer Zirkus Blubber verabschiedete sich mit dem Versprechen, im Jahr 2028 wiederzukommen. Die Vorfreude auf ein erneutes Spektakel ist bereits jetzt gro\u00df. Die gesamte Schulgemeinschaft dankt dem Zirkusteam f\u00fcr diese inspirierende und unvergessliche Woche, die allen noch lange in Erinnerung bleiben wird.<br \/>\nAuch ein gro\u00dfes Dankesch\u00f6n an alle Helferinnen und Helfer, die uns mit Kuchen- oder Brezelspenden versorgten oder sich beim Auf- und Abbau des Zirkuszeltes ins Zeug legten. Danke auch an die Mitarbeitend<img decoding=\"async\" loading=\"lazy\" class=\"size-medium wp-image-1804 alignright\" src=\"http:\/\/grundschule-gisingen.de\/wp-content\/uploads\/2024\/07\/1720387992089-225x300.jpg\" alt=\"\" width=\"225\" height=\"300\" srcset=\"http:\/\/grundschule-gisingen.de\/wp-content\/uploads\/2024\/07\/1720387992089-225x300.jpg 225w, http:\/\/grundschule-gisingen.de\/wp-content\/uploads\/2024\/07\/1720387992089-768x1024.jpg 768w, http:\/\/grundschule-gisingen.de\/wp-content\/uploads\/2024\/07\/1720387992089-1152x1536.jpg 1152w, http:\/\/grundschule-gisingen.de\/wp-content\/uploads\/2024\/07\/1720387992089-1536x2048.jpg 1536w, http:\/\/grundschule-gisingen.de\/wp-content\/uploads\/2024\/07\/1720387992089-600x800.jpg 600w, http:\/\/grundschule-gisingen.de\/wp-content\/uploads\/2024\/07\/1720387992089-945x1260.jpg 945w, http:\/\/grundschule-gisingen.de\/wp-content\/uploads\/2024\/07\/1720387992089-scaled.jpg 1920w\" sizes=\"(max-width: 225px) 100vw, 225px\" \/>en der FGTS, die sich beim Verkauf der Kuchen und Brezeln engagiert haben! Ohne all diese Hilfe w\u00e4re die Zirkuswoche f\u00fcr die Kinder so nicht m\u00f6glich gewesen.<\/p>\n<p>&nbsp;<\/p>\n<p>Lena Hennrich<\/p>\n","protected":false},"excerpt":{"rendered":"<p>Der Zirkus Blubber zu Gast an der Grundschule Gisingen Mit gro\u00dfer Aufregung und Vorfreude begr\u00fc\u00dfte die Grundschule Gisingen den Zirkus Blubber zu einer ganz besonderen Woche. Bei br\u00fctender Hitze versammelten sich am 29.06.24 viele eifrige Helfer, um das riesige Zirkuszelt&#8230; <a class=\"more-link\" href=\"http:\/\/grundschule-gisingen.de\/?page_id=1787\">Weiterlesen &rarr;<\/a><\/p>\n","protected":false},"author":1,"featured_media":0,"parent":12,"menu_order":0,"comment_status":"closed","ping_status":"closed","template":"","meta":[],"_links":{"self":[{"href":"http:\/\/grundschule-gisingen.de\/index.php?rest_route=\/wp\/v2\/pages\/1787"}],"collection":[{"href":"http:\/\/grundschule-gisingen.de\/index.php?rest_route=\/wp\/v2\/pages"}],"about":[{"href":"http:\/\/grundschule-gisingen.de\/index.php?rest_route=\/wp\/v2\/types\/page"}],"author":[{"embeddable":true,"href":"http:\/\/grundschule-gisingen.de\/index.php?rest_route=\/wp\/v2\/users\/1"}],"replies":[{"embeddable":true,"href":"http:\/\/grundschule-gisingen.de\/index.php?rest_route=%2Fwp%2Fv2%2Fcomments&post=1787"}],"version-history":[{"count":9,"href":"http:\/\/grundschule-gisingen.de\/index.php?rest_route=\/wp\/v2\/pages\/1787\/revisions"}],"predecessor-version":[{"id":1806,"href":"http:\/\/grundschule-gisingen.de\/index.php?rest_route=\/wp\/v2\/pages\/1787\/revisions\/1806"}],"up":[{"embeddable":true,"href":"http:\/\/grundschule-gisingen.de\/index.php?rest_route=\/wp\/v2\/pages\/12"}],"wp:attachment":[{"href":"http:\/\/grundschule-gisingen.de\/index.php?rest_route=%2Fwp%2Fv2%2Fmedia&parent=1787"}],"curies":[{"name":"wp","href":"https:\/\/api.w.org\/{rel}","templated":true}]}}