
{"id":1942,"date":"2025-01-29T09:23:44","date_gmt":"2025-01-29T08:23:44","guid":{"rendered":"http:\/\/grundschule-gisingen.de\/?page_id=1942"},"modified":"2026-01-14T11:34:50","modified_gmt":"2026-01-14T10:34:50","slug":"adventsnachmittag","status":"publish","type":"page","link":"http:\/\/grundschule-gisingen.de\/?page_id=1942","title":{"rendered":"Adventsnachmittag 2025"},"content":{"rendered":"<p><strong>Unser Adventsnachmittag 2025<\/strong><\/p>\n<p>Am 10. Dezember 2025 fand unser zweiter Adventsnachmittag statt.<br \/>\nDie Veranstaltung begann mit einer gemeinsamen Begr\u00fc\u00dfung in der Turnhalle, f\u00fcr die die Kinder ein abwechslungsreiches Programm vorbereitet hatten. Die Tanz-AG begeisterte mit einem weihnachtlichen Tanz, es wurden verschiedene Weihnachtsgedichte vorgetragen, eine lustige Turnstunde sorgte f\u00fcr viele Lacher und der Auftritt der Chor-AG rundete das B\u00fchnenprogramm musikalisch ab.<img decoding=\"async\" loading=\"lazy\" class=\"wp-image-2073 alignright\" src=\"http:\/\/grundschule-gisingen.de\/wp-content\/uploads\/2026\/01\/IMG_20251210_153829-2.jpg\" alt=\"\" width=\"544\" height=\"408\" \/>Im Anschluss daran \u00f6ffneten die Verkaufsst\u00e4nde in den R\u00e4umen der Schule. Angeboten wurden liebevoll selbst gebastelte Werke der Kinder aus der Schule und der FGTS, die gro\u00dfen Anklang fanden. F\u00fcr das leibliche Wohl war ebenfalls bestens gesorgt: Kaffee und Kuchen, Laugengeb\u00e4ck, Cr\u00eapes sowie frisch gebackene Waffeln luden zum Genie\u00dfen und Verweilen ein. In der Turnhalle und in den Klassenr\u00e4umen waren Tische hergerichtet, an denen in Ruhe gegessen und getrunken werden konnte.<br \/>\nIn der Schule herrschte eine gem\u00fctliche, weihnachtliche Atmosph\u00e4re, die zum Zusammensitzen, Plaudern und Einkaufen einlud. Ein besonderes Highlight war der B\u00fccherbasar in der B\u00fccherei sowie ein Flohmarkt, auf dem alte Schulmaterialien, historische Schulkarten und weitere Sch\u00e4tze entdeckt und gegen eine Spende erworben werden konnten. Au\u00dferdem gab es St\u00e4nde regionaler Verk\u00e4ufer, an denen unter anderem Honig erworben werden konnte.<br \/>\nDer Adventsnachmittag war ein rundum gelungenes Fest, das Gemeinschaft erlebbar machte und alle Besucherinnen und Besucher\u00a0<img decoding=\"async\" loading=\"lazy\" class=\"wp-image-2075 alignright\" src=\"http:\/\/grundschule-gisingen.de\/wp-content\/uploads\/2026\/01\/IMG_20251210_161032-1.jpg\" alt=\"\" width=\"379\" height=\"505\" \/>wunderbar auf die Weihnachtszeit einstimmte. Die Einnahmen des Nachmittags sollen f\u00fcr Kletterelemente auf dem Schulhof genutzt werden.<\/p>\n<p>Ein herzliches Dankesch\u00f6n gilt allen Kindern, Eltern, Lehrpersonen sowie den Mitarbeiter*innen der FGTS, die diesen sch\u00f6nen Nachmittag m\u00f6glich gemacht haben.<\/p>\n","protected":false},"excerpt":{"rendered":"<p>Unser Adventsnachmittag 2025 Am 10. Dezember 2025 fand unser zweiter Adventsnachmittag statt. Die Veranstaltung begann mit einer gemeinsamen Begr\u00fc\u00dfung in der Turnhalle, f\u00fcr die die Kinder ein abwechslungsreiches Programm vorbereitet hatten. Die Tanz-AG begeisterte mit einem weihnachtlichen Tanz, es wurden&#8230; <a class=\"more-link\" href=\"http:\/\/grundschule-gisingen.de\/?page_id=1942\">Weiterlesen &rarr;<\/a><\/p>\n","protected":false},"author":1,"featured_media":0,"parent":12,"menu_order":0,"comment_status":"closed","ping_status":"closed","template":"","meta":[],"_links":{"self":[{"href":"http:\/\/grundschule-gisingen.de\/index.php?rest_route=\/wp\/v2\/pages\/1942"}],"collection":[{"href":"http:\/\/grundschule-gisingen.de\/index.php?rest_route=\/wp\/v2\/pages"}],"about":[{"href":"http:\/\/grundschule-gisingen.de\/index.php?rest_route=\/wp\/v2\/types\/page"}],"author":[{"embeddable":true,"href":"http:\/\/grundschule-gisingen.de\/index.php?rest_route=\/wp\/v2\/users\/1"}],"replies":[{"embeddable":true,"href":"http:\/\/grundschule-gisingen.de\/index.php?rest_route=%2Fwp%2Fv2%2Fcomments&post=1942"}],"version-history":[{"count":3,"href":"http:\/\/grundschule-gisingen.de\/index.php?rest_route=\/wp\/v2\/pages\/1942\/revisions"}],"predecessor-version":[{"id":2076,"href":"http:\/\/grundschule-gisingen.de\/index.php?rest_route=\/wp\/v2\/pages\/1942\/revisions\/2076"}],"up":[{"embeddable":true,"href":"http:\/\/grundschule-gisingen.de\/index.php?rest_route=\/wp\/v2\/pages\/12"}],"wp:attachment":[{"href":"http:\/\/grundschule-gisingen.de\/index.php?rest_route=%2Fwp%2Fv2%2Fmedia&parent=1942"}],"curies":[{"name":"wp","href":"https:\/\/api.w.org\/{rel}","templated":true}]}}

<p><strong>Unser Adventsnachmittag 2025</strong></p>
<p>Am 10. Dezember 2025 fand unser zweiter Adventsnachmittag statt.<br />
Die Veranstaltung begann mit einer gemeinsamen Begrüßung in der Turnhalle, für die die Kinder ein abwechslungsreiches Programm vorbereitet hatten. Die Tanz-AG begeisterte mit einem weihnachtlichen Tanz, es wurden verschiedene Weihnachtsgedichte vorgetragen, eine lustige Turnstunde sorgte für viele Lacher und der Auftritt der Chor-AG rundete das Bühnenprogramm musikalisch ab.<img decoding="async" loading="lazy" class="wp-image-2073 alignright" src="http://grundschule-gisingen.de/wp-content/uploads/2026/01/IMG_20251210_153829-2.jpg" alt="" width="544" height="408" />Im Anschluss daran öffneten die Verkaufsstände in den Räumen der Schule. Angeboten wurden liebevoll selbst gebastelte Werke der Kinder aus der Schule und der FGTS, die großen Anklang fanden. Für das leibliche Wohl war ebenfalls bestens gesorgt: Kaffee und Kuchen, Laugengebäck, Crêpes sowie frisch gebackene Waffeln luden zum Genießen und Verweilen ein. In der Turnhalle und in den Klassenräumen waren Tische hergerichtet, an denen in Ruhe gegessen und getrunken werden konnte.<br />
In der Schule herrschte eine gemütliche, weihnachtliche Atmosphäre, die zum Zusammensitzen, Plaudern und Einkaufen einlud. Ein besonderes Highlight war der Bücherbasar in der Bücherei sowie ein Flohmarkt, auf dem alte Schulmaterialien, historische Schulkarten und weitere Schätze entdeckt und gegen eine Spende erworben werden konnten. Außerdem gab es Stände regionaler Verkäufer, an denen unter anderem Honig erworben werden konnte.<br />
Der Adventsnachmittag war ein rundum gelungenes Fest, das Gemeinschaft erlebbar machte und alle Besucherinnen und Besucher <img decoding="async" loading="lazy" class="wp-image-2075 alignright" src="http://grundschule-gisingen.de/wp-content/uploads/2026/01/IMG_20251210_161032-1.jpg" alt="" width="379" height="505" />wunderbar auf die Weihnachtszeit einstimmte. Die Einnahmen des Nachmittags sollen für Kletterelemente auf dem Schulhof genutzt werden.</p>
<p>Ein herzliches Dankeschön gilt allen Kindern, Eltern, Lehrpersonen sowie den Mitarbeiter*innen der FGTS, die diesen schönen Nachmittag möglich gemacht haben.</p>

<p>Unser Adventsnachmittag 2025 Am 10. Dezember 2025 fand unser zweiter Adventsnachmittag statt. Die Veranstaltung begann mit einer gemeinsamen Begrüßung in der Turnhalle, für die die Kinder ein abwechslungsreiches Programm vorbereitet hatten. Die Tanz-AG begeisterte mit einem weihnachtlichen Tanz, es wurden&#8230; <a class="more-link" href="http://grundschule-gisingen.de/?page_id=1942">Weiterlesen &rarr;</a></p>
