
{"id":1985,"date":"2025-04-09T09:31:27","date_gmt":"2025-04-09T07:31:27","guid":{"rendered":"http:\/\/grundschule-gisingen.de\/?page_id=1985"},"modified":"2025-04-09T13:25:14","modified_gmt":"2025-04-09T11:25:14","slug":"theater-ag","status":"publish","type":"page","link":"http:\/\/grundschule-gisingen.de\/?page_id=1985","title":{"rendered":"Theater-AG"},"content":{"rendered":"<p><span class=\"relative -mx-px my-[-0.2rem] rounded-sm px-px py-[0.2rem]\"><strong>Theater-AG<\/strong><br \/>\nIn der Theater-AG der FGTS Gisingen tauchen die Kinder mit viel Freude und Kreativit\u00e4t in die Welt des Theaters ein.<br \/>\nGemeinsam \u00fcben sie spannende und lustige Theaterst\u00fccke ein, lernen dabei Texte auswendig und schl\u00fcpfen in unterschiedliche Rollen. Doch nicht nur auf der B\u00fchne sind sie aktiv \u2013 auch hinter den Kulissen gibt es viel zu tun: Die Kinder bauen eigene B\u00fchnenbilder, gestalten Kulissen und basteln mit gro\u00dfer Begeisterung die passenden Requisiten. So entsteht aus vielen einzelnen Ideen ein buntes, lebendiges Theatererlebnis, das sie bei gemeinsamen Schulauff\u00fchrungen stolz pr\u00e4sentieren.<\/span><\/p>\n","protected":false},"excerpt":{"rendered":"<p>Theater-AG In der Theater-AG der FGTS Gisingen tauchen die Kinder mit viel Freude und Kreativit\u00e4t in die Welt des Theaters ein. Gemeinsam \u00fcben sie spannende und lustige Theaterst\u00fccke ein, lernen dabei Texte auswendig und schl\u00fcpfen in unterschiedliche Rollen. Doch nicht&#8230; <a class=\"more-link\" href=\"http:\/\/grundschule-gisingen.de\/?page_id=1985\">Weiterlesen &rarr;<\/a><\/p>\n","protected":false},"author":1,"featured_media":0,"parent":1958,"menu_order":0,"comment_status":"closed","ping_status":"closed","template":"","meta":[],"_links":{"self":[{"href":"http:\/\/grundschule-gisingen.de\/index.php?rest_route=\/wp\/v2\/pages\/1985"}],"collection":[{"href":"http:\/\/grundschule-gisingen.de\/index.php?rest_route=\/wp\/v2\/pages"}],"about":[{"href":"http:\/\/grundschule-gisingen.de\/index.php?rest_route=\/wp\/v2\/types\/page"}],"author":[{"embeddable":true,"href":"http:\/\/grundschule-gisingen.de\/index.php?rest_route=\/wp\/v2\/users\/1"}],"replies":[{"embeddable":true,"href":"http:\/\/grundschule-gisingen.de\/index.php?rest_route=%2Fwp%2Fv2%2Fcomments&post=1985"}],"version-history":[{"count":1,"href":"http:\/\/grundschule-gisingen.de\/index.php?rest_route=\/wp\/v2\/pages\/1985\/revisions"}],"predecessor-version":[{"id":1986,"href":"http:\/\/grundschule-gisingen.de\/index.php?rest_route=\/wp\/v2\/pages\/1985\/revisions\/1986"}],"up":[{"embeddable":true,"href":"http:\/\/grundschule-gisingen.de\/index.php?rest_route=\/wp\/v2\/pages\/1958"}],"wp:attachment":[{"href":"http:\/\/grundschule-gisingen.de\/index.php?rest_route=%2Fwp%2Fv2%2Fmedia&parent=1985"}],"curies":[{"name":"wp","href":"https:\/\/api.w.org\/{rel}","templated":true}]}}