
{"id":42,"date":"2017-02-11T12:03:33","date_gmt":"2017-02-11T11:03:33","guid":{"rendered":"http:\/\/grundschule-gisingen.de\/?page_id=42"},"modified":"2025-01-11T23:47:57","modified_gmt":"2025-01-11T22:47:57","slug":"naturparkschule","status":"publish","type":"page","link":"http:\/\/grundschule-gisingen.de\/?page_id=42","title":{"rendered":"Naturparkschule"},"content":{"rendered":"<p style=\"text-align: center;\"><span style=\"margin: 0px; font-family: 'Comic Sans MS'; font-size: 16pt;\"><span style=\"color: #000000;\">Grundschule Gisingen \u201cAuf dem Muschelkalk \u201c<\/span><\/span><\/p>\n<p style=\"text-align: center;\"><span style=\"margin: 0px; line-height: 107%; font-family: 'Comic Sans MS'; font-size: 16pt;\"><span style=\"color: #000000;\">1. Naturparkschule im Saarland<\/span><\/span><\/p>\n<p><span style=\"margin: 0px; font-family: 'Comic Sans MS'; font-size: 12pt;\"><span style=\"color: #000000;\">In einer offiziellen Feierstunde, an der zahlreiche Eltern, Vertreter des Ministeriums f\u00fcr Umwelt und Verbraucherschutz, Vertreter\u00a0 des Naturparks Saar Hunsr\u00fcck\u00a0 und regionalpolitische Vertreter teilnahmen, fiel der Startschuss f\u00fcr ein Projekt, an dessen Ende die Grundschule Gisingen als <\/span><u><span style=\"color: #000000;\">1. Naturparkschule<\/span><\/u><span style=\"color: #000000;\"> im Saarland stehen soll.<br \/>\n<\/span> <\/span><span style=\"margin: 0px; font-family: 'Comic Sans MS'; font-size: 9pt;\"><br \/>\n<\/span><span style=\"margin: 0px; font-family: 'Comic Sans MS'; font-size: 12pt;\"><span style=\"color: #000000;\">Umrahmt von einem sehr kreativ gestalteten Programm der Sch\u00fcler, das von naturspezifischen Texten und Gedichten, \u00fcber einen choreographisch sch\u00f6n dargebotenen Schmetterlingstanz, bis hin zum saarl\u00e4ndischen Lied \u201eMei Sprooch\u201c, unterst\u00fctzt vom moselfr\u00e4nkischen Liedermacher und Mundartautor Hans Walter Lorang, reichte, stellte sowohl die Schulleiterin Frau Heike Brausch, als auch der Vorstandsvorsitzende des Naturparks Saar Hunsr\u00fcck Herr Landrat Udo Recktenwald das Projekt, seine Zielsetzung und Durchf\u00fchrung vor.<\/span><\/span><\/p>\n<p><span style=\"margin: 0px; font-family: 'Comic Sans MS'; font-size: 12pt;\"><span style=\"color: #000000;\">Auch die Kreisbeigeordnete Esther Woll versprach von Seiten des Landkreises Saarlouis ihre Unterst\u00fctzung. Schlie\u00dflich kam es feierlich zur Unterschreibung des Kooperationsvertrages durch Herrn B\u00fcrgermeister G\u00fcnter Zahn, den Vorstandsvorsitzenden des Naturparks Herrn Landrat Udo Recktenwald und der Schulleiterin Frau Heike Brausch.<\/span><\/span><\/p>\n<p><span style=\"margin: 0px; font-family: 'Comic Sans MS'; font-size: 12pt;\"><span style=\"color: #000000;\">Ziel unserer Grundschule in Gisingen ist es, die Kinder noch intensiver f\u00fcr die Natur und ihre Heimat zu begeistern und sich f\u00fcr deren Erhalt einzusetzen, und das in einer spannenden Art und Weise , wie z.B. durch die Arbeit mit den tollen Entdeckerwesten, Bodenexperimentierkoffern und neuen geplanten Aktionen mit \u201eNaturfachm\u00e4nnern\u201c vor Ort.<\/span><\/span><\/p>\n<p><span style=\"margin: 0px; line-height: 107%; font-family: 'Comic Sans MS'; font-size: 12pt;\"><span style=\"color: #000000;\">Auf die Fr\u00fchjahrswanderung<\/span><\/span><span style=\"margin: 0px; line-height: 107%; font-family: 'Comic Sans MS'; font-size: 12pt;\"><span style=\"color: #000000;\">\u00a0am 5.4.14 und das kommenden Schulfest am 05.07.14 kann man schon gespannt warten, da genau diese Umwelt- und Naturthemen hier bereits im Mittelpunkt stehen, um dem gesteckten Ziel schon ein wenig n\u00e4her zu r\u00fccken.<br \/>\nDie Schulleiterin, das gesamte Kollegium und die Sch\u00fcler sind\u00a0 stolz darauf, eine Pilotschule zu sein, die gemeinsam mit der Gemeinde Wallerfangen und\u00a0 dem Naturpark Saar-Hunsr\u00fcck an einem solchen bundesweiten Modellprojekt teilnehmen darf.<\/span><\/span><\/p>\n<p>Treffender h\u00e4tte es Herr Udo Recktenwald nicht ausdr\u00fccken k\u00f6nnen als mit seiner Bemerkung: \u201e Wenn ich mir hier die Schule, die Kinder und Lehrer und ihr Engagement anschaue, eine bessere Schule h\u00e4tten wir f\u00fcr unserer Kooperation nicht finden k\u00f6nnen!<\/p>\n<p>&nbsp;<\/p>\n<p>&nbsp;<\/p>\n<hr \/>\n<p><u><span style=\"margin: 0px; line-height: 107%; font-family: 'Comic Sans MS'; font-size: 14pt;\"><span style=\"color: #000000;\">Schulfest 2014\u00a0 &#8211; Basteln mit Naturmaterialien<\/span><\/span><\/u><\/p>\n<p><u><span style=\"margin: 0px; line-height: 107%; font-family: 'Comic Sans MS'; font-size: 14pt;\"><span style=\"color: #000000;\"><br \/>\n<\/span> <\/span><\/u><span style=\"margin: 0px; line-height: 107%; font-family: 'Comic Sans MS'; font-size: 12pt;\"><span style=\"color: #000000;\">Im Mittelpunkt des Schulfestes 2014 stand am Nachmittag das Basteln mit Naturmaterialien. Hierzu wurden verschiedene Workshops angeboten, in denen Steine angemalt, Holzanh\u00e4nger gebastelt und mit Filz gearbeitet wurde. Besonders auch die Herstellung von Kr\u00e4uterseife und Bienenwachskerzen bereitete den Kindern gro\u00dfe Freude, die durch die wohlriechenden D\u00fcfte zum Arbeiten motiviert wurden.<br \/>\nIn der Kr\u00e4uterausstellung, die unsere Ortsvorsteherin Frau Heffinger arrangierte, konnte man viel Wissenswertes erfahren und lernen, Kr\u00e4uter durch Riechen und Schmecken zu unterscheiden.<br \/>\nDanke an alle helfenden H\u00e4nde , an Frau Forster-Seiwert und den Naturpark Saar \u2013 Hunsr\u00fcck.\u00a0<\/span><\/span><\/p>\n<p>&nbsp;<\/p>\n<hr \/>\n<p><span style=\"margin: 0px; font-family: 'Comic Sans MS'; font-size: 16pt;\"><span style=\"color: #000000;\">Schulfest mit Auszeichnung \u201eNaturparkschule\u201c<\/span><\/span><\/p>\n<p><span style=\"margin: 0px; font-family: 'Comic Sans MS'; font-size: 12pt;\"><span style=\"color: #000000;\">Am 04. Juli 2015 fand das diesj\u00e4hrige Schulfest der Grundschule Gisingen \u2013 Auf dem Muschelkalk\u00a0 &#8211; statt.<\/span><\/span><\/p>\n<p><span style=\"margin: 0px; font-family: 'Comic Sans MS'; font-size: 12pt;\"><span style=\"color: #000000;\">Der Startschuss fiel um 10.00 Uhr mit einer Schnitzeljagd durch den Ort Gisingen. In vier Gruppen beantworteten die Kinder und alle Interessierten beim Wandern Fragen zu besonderen Pl\u00e4tzen in Gisingen. Dabei versuchten alle flei\u00dfig die L\u00f6sungen zu finden. Nach der gut einst\u00fcndigen Wanderung wurden die Kinder wegen der hohen Temperaturen bei ihrer R\u00fcckkehr mit einem k\u00fchlen Eis belohnt.<\/span><\/span><\/p>\n<p><span style=\"margin: 0px; font-family: 'Comic Sans MS'; font-size: 12pt;\"><span style=\"color: #000000;\">Dann war auch schon Zeit f\u00fcr das Mittagessen, das musikalisch von der Kreismusikschule Wallerfangen unter der Leitung von Marita Pohl untermahlt wurde. Neben einem Lehrerorchester spielten einzelne Ensembles sch\u00f6ne St\u00fccke und auch die Kinder hatten Gelegenheit, Instrumente auszuprobieren. Mit Schnitzelspie\u00dfen, Salaten, W\u00fcrstchen und k\u00fchlen Getr\u00e4nken konnten sich alle f\u00fcr die anschlie\u00dfenden Workshops st\u00e4rken. Dort durften die Kinder Tundeln, T\u00f6pfern, Steine bemalen, Waldgeister bauen oder im Bereich Landart t\u00e4tig werden. Diese Workshops wurden von den Lehrern angeboten. Dazu kamen noch zwei weitere Workshops. Herr Petry baute mit einigen Kindern Wildbienennisthilfen und Frau Schmidt stellte mit den Kindern Lavendelzucker her. Beide Workshops kamen auf Initiative des Naturparks Saar-Hunsr\u00fcck zustande.<\/span><\/span><\/p>\n<p><span style=\"margin: 0px; font-family: 'Comic Sans MS'; font-size: 12pt;\"><span style=\"color: #000000;\">Um 15.00 Uhr begann das Programm auf der Schulb\u00fchne. Hier wurden einige Kinder f\u00fcr besondere Leistungen im laufenden Schuljahr geehrt. So wurden jeweils die drei schulbesten M\u00e4dchen und Jungen des Sportfestes ausgezeichnet. Sie erhielten eine Urkunde und einen Gutschein \u00fcber drei freie Eintritte ins Freibad Wallerfangen, die von der Gemeinde gespendet wurden. Ebenso erhielten die Sch\u00fcler f\u00fcr ausgezeichnete Leistungen bei der Mathe-Olympiade und in der Verkehrsschule eine kleine Anerkennung. Im Zuge dieses kleinen Programms wurden\u00a0 Madame Dittgen, unsere Trilingua-Kraft, aus dem Schuldienst verabschiedet, da das Programm leider ausl\u00e4uft, ebenso Frau Leuprecht, langj\u00e4hrige Vorsitzende des F\u00f6rdervereins. Frau Brausch dankte ihnen herzlich f\u00fcr ihr Engagament und ihren Einsatz und \u00fcberreichte ihnen ein kleines Geschenk.<\/span><\/span><\/p>\n<p><span style=\"margin: 0px; font-family: 'Comic Sans MS'; font-size: 12pt;\"><span style=\"color: #000000;\">Danach erfolgte die Scheck\u00fcbergabe des Spendenlaufs. Die Elterninitiative krebskranker Kinder e.V. konnte f\u00fcr die Klinikclowns 1.906 \u20ac entgegennehmen. Nochmals ein herzliches Dankesch\u00f6n an alle L\u00e4ufer und Spender.<\/span><\/span><\/p>\n<p><span style=\"margin: 0px; line-height: 107%; font-family: 'Comic Sans MS'; font-size: 12pt;\"><span style=\"color: #000000;\">Zum Abschluss der Feierlichkeiten kam es nun schlie\u00dflich zu der offiziellen \u00dcberreichung der Auszeichnung \u201eNaturparkschule\u201c, zu der viele geladene G\u00e4ste anwesend waren. Nach einer Begr\u00fc\u00dfung durch\u00a0 Landrat Patrick Lauer erfolgte ein Gru\u00dfwort von Umweltminister Reinhold Jost. In ihren Reden lobten beide das Engagement der Schule und versprachen Unterst\u00fctzung bei einzelnen Projekten. Ebenso lobten B\u00fcrgermeister G\u00fcnther Zahn und Ortsvorsteherin Ulrike Heffinger den Einsatz der Schule.<\/span><\/span><\/p>\n<p>&nbsp;<\/p>\n<hr \/>\n<p><a href=\"http:\/\/grundschule-gisingen.de\/?p=96\">Wildbienennisthilfe<\/a><\/p>\n<p><a href=\"http:\/\/grundschule-gisingen.de\/?p=150\">Bienentag<\/a><\/p>\n<p><a href=\"http:\/\/grundschule-gisingen.de\/?p=159\">Fledermauswanderung<\/a><\/p>\n","protected":false},"excerpt":{"rendered":"<p>Grundschule Gisingen \u201cAuf dem Muschelkalk \u201c 1. Naturparkschule im Saarland In einer offiziellen Feierstunde, an der zahlreiche Eltern, Vertreter des Ministeriums f\u00fcr Umwelt und Verbraucherschutz, Vertreter\u00a0 des Naturparks Saar Hunsr\u00fcck\u00a0 und regionalpolitische Vertreter teilnahmen, fiel der Startschuss f\u00fcr ein Projekt,&#8230; <a class=\"more-link\" href=\"http:\/\/grundschule-gisingen.de\/?page_id=42\">Weiterlesen &rarr;<\/a><\/p>\n","protected":false},"author":1,"featured_media":0,"parent":16,"menu_order":0,"comment_status":"closed","ping_status":"closed","template":"","meta":[],"_links":{"self":[{"href":"http:\/\/grundschule-gisingen.de\/index.php?rest_route=\/wp\/v2\/pages\/42"}],"collection":[{"href":"http:\/\/grundschule-gisingen.de\/index.php?rest_route=\/wp\/v2\/pages"}],"about":[{"href":"http:\/\/grundschule-gisingen.de\/index.php?rest_route=\/wp\/v2\/types\/page"}],"author":[{"embeddable":true,"href":"http:\/\/grundschule-gisingen.de\/index.php?rest_route=\/wp\/v2\/users\/1"}],"replies":[{"embeddable":true,"href":"http:\/\/grundschule-gisingen.de\/index.php?rest_route=%2Fwp%2Fv2%2Fcomments&post=42"}],"version-history":[{"count":8,"href":"http:\/\/grundschule-gisingen.de\/index.php?rest_route=\/wp\/v2\/pages\/42\/revisions"}],"predecessor-version":[{"id":1936,"href":"http:\/\/grundschule-gisingen.de\/index.php?rest_route=\/wp\/v2\/pages\/42\/revisions\/1936"}],"up":[{"embeddable":true,"href":"http:\/\/grundschule-gisingen.de\/index.php?rest_route=\/wp\/v2\/pages\/16"}],"wp:attachment":[{"href":"http:\/\/grundschule-gisingen.de\/index.php?rest_route=%2Fwp%2Fv2%2Fmedia&parent=42"}],"curies":[{"name":"wp","href":"https:\/\/api.w.org\/{rel}","templated":true}]}}