
{"id":85,"date":"2017-02-11T12:39:26","date_gmt":"2017-02-11T11:39:26","guid":{"rendered":"http:\/\/grundschule-gisingen.de\/?page_id=85"},"modified":"2025-09-06T13:19:01","modified_gmt":"2025-09-06T11:19:01","slug":"klasse-3-2","status":"publish","type":"page","link":"http:\/\/grundschule-gisingen.de\/?page_id=85","title":{"rendered":"Klasse 2.2"},"content":{"rendered":"\r\n<p>Die Klasse 2.2 besuchen zur Zeit 22 Sch\u00fclerinnen und Sch\u00fcler. Die Kinder kommen aus D\u00fcren, Gisingen, Ittersdorf, Kerlingen und Rammelfangen.<\/p>\r\n<p>\r\n\r\n<\/p>\r\n<p>Leiterin der Klasse 2.2 ist Lena Hennrich.<\/p>\r\n<p>&nbsp;<\/p>\r\n\r\n\r\n\r\n<p>&nbsp;<\/p>\r\n","protected":false},"excerpt":{"rendered":"<p>Die Klasse 2.2 besuchen zur Zeit 22 Sch\u00fclerinnen und Sch\u00fcler. Die Kinder kommen aus D\u00fcren, Gisingen, Ittersdorf, Kerlingen und Rammelfangen. Leiterin der Klasse 2.2 ist Lena Hennrich. &nbsp; &nbsp;<\/p>\n","protected":false},"author":1,"featured_media":0,"parent":38,"menu_order":0,"comment_status":"closed","ping_status":"closed","template":"","meta":[],"_links":{"self":[{"href":"http:\/\/grundschule-gisingen.de\/index.php?rest_route=\/wp\/v2\/pages\/85"}],"collection":[{"href":"http:\/\/grundschule-gisingen.de\/index.php?rest_route=\/wp\/v2\/pages"}],"about":[{"href":"http:\/\/grundschule-gisingen.de\/index.php?rest_route=\/wp\/v2\/types\/page"}],"author":[{"embeddable":true,"href":"http:\/\/grundschule-gisingen.de\/index.php?rest_route=\/wp\/v2\/users\/1"}],"replies":[{"embeddable":true,"href":"http:\/\/grundschule-gisingen.de\/index.php?rest_route=%2Fwp%2Fv2%2Fcomments&post=85"}],"version-history":[{"count":18,"href":"http:\/\/grundschule-gisingen.de\/index.php?rest_route=\/wp\/v2\/pages\/85\/revisions"}],"predecessor-version":[{"id":2038,"href":"http:\/\/grundschule-gisingen.de\/index.php?rest_route=\/wp\/v2\/pages\/85\/revisions\/2038"}],"up":[{"embeddable":true,"href":"http:\/\/grundschule-gisingen.de\/index.php?rest_route=\/wp\/v2\/pages\/38"}],"wp:attachment":[{"href":"http:\/\/grundschule-gisingen.de\/index.php?rest_route=%2Fwp%2Fv2%2Fmedia&parent=85"}],"curies":[{"name":"wp","href":"https:\/\/api.w.org\/{rel}","templated":true}]}}